e greatest common factor of z and d.
2
Let y(w) = 3*w - 5. Let g be y(4). Suppose 0 = 36*h - 38*h + 56. What is the highest common divisor of h and g?
7
Suppose l = -5*z - 2*l + 48, 5*l - 23 = -2*z. Let c = 6 + z. What is the greatest common factor of 60 and c?
15
Let k be (-554)/(-8) - 4/16. Suppose -4 + k = 5*u. Suppose -3*g - 5*w = -158 - 198, -4*g = 3*w - 471. What is the highest common factor of g and u?
13
Let r = -80 + 104. Let s = -18 - -28. Let g = s + -7. What is the highest common factor of g and r?
3
Let g be (1/(-2) + -1)*-2. Suppose 0 = r + 4 - 28. What is the highest common divisor of g and r?
3
Let y be (-1)/3 + (-4371)/9. Let i be 4/14 - y/14. Let v = 6 - 1. Calculate the greatest common divisor of i and v.
5
Let u = 307 + -211. What is the highest common divisor of u and 36?
12
Suppose -158 - 2 = -4*x. Let z(v) = -5. Let n(l) = -l + 21. Let c(r) = 2*n(r) + 9*z(r). Let g be c(-4). Calculate the greatest common factor of x and g.
5
Suppose -3*i = n - 6*i - 15, 3*i = 2*n - 45. What is the greatest common factor of 15 and n?
15
Let y(p) = 3*p**3 - 6*p**2 - 5*p. Let a be y(5). Calculate the greatest common factor of 40 and a.
40
Let q be 2/(1/(-6)*4). Let t = 15 + q. Calculate the highest common factor of t and 132.
12
Let x(g) = g. Let l(f) = -5*f + 7. Let s(b) = -l(b) - 4*x(b). Let u be s(18). Calculate the highest common factor of 88 and u.
11
Suppose 0*c - 4*c = 484. Let d = 185 + c. Calculate the greatest common factor of 8 and d.
8
Suppose -5*r = -3*w - r - 1, -1 = -w + 2*r. Let m be 6/(-2*w/3). Let z(y) = 5*y - 3. Let x be z(6). What is the highest common factor of m and x?
3
Let k = 17 - 11. Let g be -12*3*(-1)/k. What is the greatest common divisor of 42 and g?
6
Let t(w) = w + 231. Let o be t(0). Let x = o + -151. Suppose 3*u + u - x = 0. Calculate the highest common divisor of 30 and u.
10
Let q(w) = w**2 + 13. Let v be q(0). Let a be v + (0 - 3) - -2. Calculate the highest common factor of a and 72.
12
Let p = 101 - -70. Let l = 16 + 3. What is the highest common divisor of p and l?
19
Let y be 9 - (3 + -5)/2. What is the highest common factor of y and 15?
5
Suppose -v - 25 = -2*h, 0*v - 15 = -3*v. Suppose -5 - 22 = -m. Let k be m/6*220/6. Calculate the greatest common factor of k and h.
15
Let r be 2/4 + (-70)/(-4). Suppose -2 = -2*v + 2*b + 12, 5 = 5*v + b. Calculate the greatest common divisor of v and r.
2
Let y = 27 - 16. Suppose l + 0*l - y = 0. Calculate the greatest common factor of 1 and l.
1
Suppose 2*g + 0*g = 640. What is the highest common divisor of 32 and g?
32
Suppose -2*x - i + 33 = 0, 46 = 4*x + 5*i - 11. Calculate the greatest common divisor of x and 6.
6
Suppose -5*p + 13 = -12. Let w be p/((-2)/6 + 0). Let d = 5 - w. What is the highest common divisor of 50 and d?
10
Suppose 70 = 3*q - a, 2*q - 3*a - 35 = -0*q. Suppose -3*o - 2*s - 48 = s, -88 = 5*o + s. Let p = 23 + o. Calculate the greatest common factor of q and p.
5
Let w be -1*7*72/(-63). Calculate the greatest common divisor of w and 72.
8
Let y(d) = -2*d**2 - 2 + 5*d + d + 4*d**3 - 3*d**3 - 3*d. Let b be y(3). Calculate the greatest common factor of b and 16.
16
Let m be (-19)/(-5) - (-9)/45. Suppose h = 3 + m. Calculate the greatest common divisor of 21 and h.
7
Let j(c) = c**2 + 8*c + 10. Let b be j(-7). Suppose 22 + 2 = b*x. What is the greatest common factor of 40 and x?
8
Let j be (0 - -1) + -1 + 1. What is the highest common divisor of j and 1?
1
Let n be (-7)/(1 - (-11)/(-10)). Suppose 0 = -5*m + 5*y + 5, 0 = -0*m + 2*m + y + 4. Let k = m + 11. Calculate the greatest common divisor of n and k.
10
Let n = 129 - 66. Let x(b) = b**3 + 5*b**2 - 8*b - 3. Let y be x(-6). Calculate the highest common factor of y and n.
9
Let f = 2 - -1. Suppose -f*q = -0*q - 3. Suppose 7 = 2*m + q. Calculate the highest common factor of 3 and m.
3
Suppose 0*n - 12 = -n. Suppose -t - 159 - 60 = -5*z, -4*t - 16 = 0. Suppose 4*j = z + 5. What is the highest common factor of j and n?
12
Let r = 196 + -16. Let h(u) = -4*u + 5. Let o be h(5). Let i = o + r. Calculate the highest common factor of i and 15.
15
Let a be (166/(6/3))/1. Let g be 6/4*(a - -1). What is the greatest common factor of g and 18?
18
Let a be (1*7)/(4/40). Let p be 0 - -13 - (4 + -1). Calculate the highest common factor of a and p.
10
Let v(a) = -3*a + 21 - 24 + 5*a. Let z be v(5). Calculate the highest common factor of z and 21.
7
Suppose -4*y + z + 306 = 0, -2*y = 3*z - 207 + 47. Calculate the greatest common factor of 7 and y.
7
Let k = 248 + -77. Suppose -s + 3*s - 36 = -q, -5*q - s + k = 0. Suppose 17 = -4*h + 5*h. What is the highest common factor of h and q?
17
Suppose 0 = 24*v - 20*v - 64. Calculate the greatest common divisor of 12 and v.
4
Suppose 11*u - 14*u + 324 = 0. What is the highest common divisor of u and 12?
12
Suppose 2 = -2*c + 6. Suppose -6 = -c*i + 10. Calculate the greatest common divisor of i and 32.
8
Let x be 12/66 + 31/11. What is the highest common factor of 12 and x?
3
Suppose 0 = 4*g + 2*h - 26, g + 2*h = -2*g + 22. What is the greatest common factor of 16 and g?
4
Let q(r) = 6*r**2 + 8*r + 2. Let i be q(-3). Calculate the greatest common divisor of 8 and i.
8
Suppose -2*q + 6 = -4*a + 16, -5*a + 3*q = -15. Suppose 3*z + z - 1052 = a. Let p = z - 43. Calculate the greatest common factor of p and 20.
20
Let c(v) = -185*v**2 + 2*v + 3. Let u(s) = 123*s**2 - s - 2. Let t(r) = 5*c(r) + 8*u(r). Let l be t(1). Calculate the greatest common divisor of 12 and l.
12
Suppose -3*y - 3*a - 12 = a, -6 = 2*y + 2*a. Suppose 0 = w + m + 2, 5*w + m + 0*m + 2 = y. Let l = 11 + w. Calculate the highest common factor of 121 and l.
11
Suppose -3*n + 486 = -0*n. Let k = -359 + 377. Calculate the highest common divisor of k and n.
18
Let o(s) be the first derivative of s**4/4 + 7*s**3/3 + 3*s**2/2 - 10*s - 9. Let u be o(-5). What is the highest common divisor of u and 5?
5
Suppose 2*i = -3*f - 6, 2*i + 3 + 3 = 0. Let m = f - -3. Suppose 0 = -5*n + 3*l + 45, n + 4*l = -m + 12. Calculate the highest common divisor of 81 and n.
9
Let o = 37 + -22. What is the greatest common divisor of 75 and o?
15
Suppose 20 = -4*k, 42 = 5*h - 5*k - 8. Suppose -h*b = -9*b + 736. What is the greatest common divisor of b and 23?
23
Let b = 9 + -5. Let z be (5/(-4))/(b/(-16)). Suppose -2*n = -z*d + 204, d = -n - 18 + 56. Calculate the highest common divisor of d and 16.
8
Let q be -1*(-59)/3 + 4/(-6). Calculate the greatest common factor of 19 and q.
19
Let a be (-23)/(-5) - (-4)/10. Suppose 28 = a*u - 37. Let d(g) = 16*g**2 - g + 2. Let v be d(3). What is the greatest common divisor of u and v?
13
Let h be (26 - -2)/((-4 + 6)/2). Calculate the highest common factor of 42 and h.
14
Suppose 3*r = 5*n - 420, -5 = r - 0*r. What is the highest common factor of n and 9?
9
Suppose -133 - 47 = -3*o. What is the highest common divisor of 90 and o?
30
Suppose -2*o = -o + 4. Suppose 0 = -4*p + 2*x - 84, 6*x - 6 = 3*x. Let l be o/p - 248/(-10). Calculate the highest common divisor of l and 10.
5
Let d = -72 - -77. Calculate the greatest common divisor of d and 45.
5
Let c be (21/9)/(1/(-3)). Let y(h) = h**3 + 7*h**2 - 2*h - 3. Let n be y(c). Let v = -271 - -392. Calculate the highest common divisor of v and n.
11
Let d = -35 - -40. Calculate the highest common divisor of 15 and d.
5
Suppose -30*l - 36 = -34*l. What is the highest common factor of 6 and l?
3
Let n = -7 - -9. Let u = 5 - 5. Suppose -5*b + 9 = n*l, -6 = -u*l + 2*l. Calculate the greatest common divisor of b and 21.
3
Let y(o) = 23*o. Let q be y(1). Let k = q - -2. Let z(v) = v**2 - 9*v - 12. Let n be z(-7). What is the highest common divisor of n and k?
25
Suppose -m - 2*l = -3*m - 498, -4*m - 2*l - 972 = 0. Let h = 389 + m. Let x be 0 - 0 - (-17 - -1). What is the highest common divisor of x and h?
16
Suppose -2*o - 4*f + 2*f + 86 = 0, 5*f = o - 55. Let p = 5 + 0. Suppose -p*x = s - 5*s - 45, 0 = 5*x + 3*s - o. What is the highest common divisor of 27 and x?
9
Let l(w) be the third derivative of w**5/60 + w**4/12 + 2*w**2. Suppose 0 = -5*p + 4*p - 5. Let c be l(p). Calculate the greatest common divisor of c and 105.
15
Suppose 2*p - 35 = 5*o, -p - 2*o + 24 = 2*p. What is the highest common divisor of p and 110?
10
Let m = 11 + 4. Calculate the high